{"id":2,"date":"2016-07-04T18:01:41","date_gmt":"2016-07-04T17:01:41","guid":{"rendered":"http:\/\/vivianedupart-infodoc.fr\/info-doc\/?page_id=2"},"modified":"2023-07-30T10:41:38","modified_gmt":"2023-07-30T09:41:38","slug":"page-d-exemple","status":"publish","type":"page","link":"https:\/\/vivianedupart-infodoc.fr\/index.php\/page-d-exemple\/","title":{"rendered":"Pr\u00e9sentation d&rsquo;Infodoc Store"},"content":{"rendered":"<p class=\"spip\">Le site <em>INFODOC Store<\/em> a pour objectif de mettre \u00e0 disposition des documents \u00e0 destination des \u00e9l\u00e8ves, des parents d\u2019\u00e9l\u00e8ves, des professeurs-documentalistes et des internautes curieux&#8230;<\/p>\n<p class=\"spip\">Pour les \u00e9l\u00e8ves, cet espace de travail permet d\u2019acc\u00e9der aux documents distribu\u00e9s lors des cours en information-documentation, avec une autre discipline ou les fiches d&rsquo;aide en acc\u00e8s libre au CDI. C\u2019est aussi un espace de d\u00e9couverte de l\u2019actualit\u00e9 du CDI, des projets ou des expositions temporaires. Pour les professeurs-documentalistes, des documents li\u00e9s \u00e0 notre pratique professionnelle concernent la gestion d\u2019un CDI, la formation avec des s\u00e9quences p\u00e9dagogiques \u00e0 t\u00e9l\u00e9charger.<\/p>\n<p>auteur du site : Viviane Dupart, professeure documentaliste<\/p>\n<p>mis en ligne le 5 juillet 2016<\/p>\n\n\n<p><\/p>\n","protected":false},"excerpt":{"rendered":"<p>Le site INFODOC Store a pour objectif de mettre \u00e0 disposition des documents \u00e0 destination des \u00e9l\u00e8ves, des parents d\u2019\u00e9l\u00e8ves,<\/p>\n","protected":false},"author":1,"featured_media":0,"parent":0,"menu_order":0,"comment_status":"closed","ping_status":"open","template":"","meta":{"footnotes":""},"class_list":["post-2","page","type-page","status-publish","hentry","comments-off"],"_links":{"self":[{"href":"https:\/\/vivianedupart-infodoc.fr\/index.php\/wp-json\/wp\/v2\/pages\/2","targetHints":{"allow":["GET"]}}],"collection":[{"href":"https:\/\/vivianedupart-infodoc.fr\/index.php\/wp-json\/wp\/v2\/pages"}],"about":[{"href":"https:\/\/vivianedupart-infodoc.fr\/index.php\/wp-json\/wp\/v2\/types\/page"}],"author":[{"embeddable":true,"href":"https:\/\/vivianedupart-infodoc.fr\/index.php\/wp-json\/wp\/v2\/users\/1"}],"replies":[{"embeddable":true,"href":"https:\/\/vivianedupart-infodoc.fr\/index.php\/wp-json\/wp\/v2\/comments?post=2"}],"version-history":[{"count":8,"href":"https:\/\/vivianedupart-infodoc.fr\/index.php\/wp-json\/wp\/v2\/pages\/2\/revisions"}],"predecessor-version":[{"id":1968,"href":"https:\/\/vivianedupart-infodoc.fr\/index.php\/wp-json\/wp\/v2\/pages\/2\/revisions\/1968"}],"wp:attachment":[{"href":"https:\/\/vivianedupart-infodoc.fr\/index.php\/wp-json\/wp\/v2\/media?parent=2"}],"curies":[{"name":"wp","href":"https:\/\/api.w.org\/{rel}","templated":true}]}}